39.
34
What is the remainder when 92 is divided by (28 - 4 - (-8 + 13))*2?
16
Let g(j) = 7*j**2 - 26*j + 50. What is the remainder when g(16) is divided by 130?
126
Suppose -4*i - s = -2067, -620*s + 618*s - 1564 = -3*i. Calculate the remainder when i is divided by 175.
168
Let i be -1 - (5/(-35) - 36/(-7)). Let a = -13 + 19. What is the remainder when (3/12)/(i - 1106/(-184)) is divided by a?
5
Suppose -50*b - 845 = -55*b. Let g = 190 - b. What is the remainder when 292 is divided by g?
19
Let g be ((-3)/3 - 85)/(-1). What is the remainder when g/5 + (-6)/30 is divided by 11?
6
What is the remainder when (-36)/(-16)*(1716/6 - (0 - 2)) is divided by 37?
19
Let t = -13 + 20. Let x = 66 - t. Calculate the remainder when x is divided by (-448)/(-44) - (-4)/(-22).
9
Let n(s) = 12*s + 12. Let a be n(10). Let f be a/77*(-14)/(-4). Suppose -f*o - 6 = -7*o. Calculate the remainder when 8 is divided by o.
2
Let x = 769 + 69. What is the remainder when x is divided by 84?
82
Let s(z) be the second derivative of z**4/6 + 79*z**3/6 + 28*z**2 + 2*z + 72. Calculate the remainder when 54 is divided by s(-39).
3
Suppose u + 26 = 25. Let d be 115 - u/(-2)*(-40)/(-10). Let g = d + -90. Calculate the remainder when 43 is divided by g.
20
Suppose 0 = 3*h - 18 - 21. Suppose -5*f + 82 + h = 0. Calculate the remainder when f is divided by 7.
5
What is the remainder when 532 is divided by 2/13 + 462336/4368?
2
Let b = 19 - 46. Suppose 4*z - 208 = -4*s, -z - 11*s + 6*s = -72. Let v = b + z. Calculate the remainder when v is divided by 9.
2
Suppose -4*o - 18 = -x, -9*x + 11*x + o - 54 = 0. What is the remainder when 71 is divided by x?
19
Suppose -2*f - 5*k + 17 = -28, -3*f + 73 = 2*k. Suppose f*y - 22*y - 192 = 0. Calculate the remainder when y is divided by 24.
16
Suppose 4*z - 913 = 5*q, 6*z = 2*z - 3*q + 873. Suppose 162 = 8*k - z. Calculate the remainder when k is divided by 17.
14
Suppose 0*s - 4 = -2*s. Suppose s*l + 13 = 3*l. Suppose 682*t = 674*t + 336. What is the remainder when t is divided by l?
3
Let r(t) = t**2 + 9*t - 212. Calculate the remainder when r(13) is divided by 47.
27
What is the remainder when 1169 is divided by 6*451/66 + (-8)/(-2)?
44
Let x = -774 + 1245. What is the remainder when x is divided by 25?
21
Let c(m) = -m**2 + 11*m + 459. What is the remainder when 827 is divided by c(-15)?
68
Let g(t) be the third derivative of -7*t**4/24 + 31*t**3/6 + 7*t**2. Let b be g(6). Let m = b + 21. What is the remainder when 37 is divided by m?
7
Let r = 36578 - 33615. Calculate the remainder when r is divided by 54.
47
Calculate the remainder when 13 - 1 - (-156 + 102) is divided by 57.
9
Suppose 6*c - 3*c - 36 = -4*n, 0 = 5*c - 5*n - 60. Suppose b - 3*a - 10 = -5*a, 4*a + c = 0. Calculate the remainder when 93 is divided by b.
13
Suppose 36*v + 404 = 34*v. Let d = -197 - v. Calculate the remainder when 69 is divided by d.
4
Suppose 2*w + 2*p = -264 + 930, w = 4*p + 323. What is the remainder when w is divided by 88?
67
Let i = -76 + 80. Let w = -19 + 35. What is the remainder when 74/(-3)*(-18)/i is divided by w?
15
Let v = 77 - 74. Suppose 5*z - 308 - 124 = -v*a, 4*z + 4*a - 352 = 0. Let q(l) = l**2 + 3*l + 3. Calculate the remainder when z is divided by q(5).
41
Let j = -5244 - -5262. What is the remainder when j is divided by 7?
4
Let y(s) = 2*s**3 - 42*s**2 + 37*s + 123. What is the remainder when 94 is divided by y(20)?
31
Suppose 4*b - 2845 = -b + 3*f, f = 3*b - 1707. Calculate the remainder when b is divided by 38.
37
Suppose -437 = -2*z - 101. Let u = z - 130. Calculate the remainder when 110 is divided by u.
34
Let t be (-75)/(-15)*((-3)/15 - -1). Suppose -2*b = -t*k + 94, -k = 19*b - 16*b - 20. What is the remainder when 227 is divided by k?
20
Let o(k) = -8*k + 7. Suppose 2*m - 2*y - 305 = y, -5*y + 329 = 2*m. Let z = m - 99. Calculate the remainder when z is divided by o(-1).
13
Let c(g) = 83*g**2 - 8*g + 48. Let b be c(-10). Calculate the remainder when 1/(-5) + b/215 is divided by 8.
7
Let b(j) = -j**2 - 121*j - 1906. What is the remainder when b(-72) is divided by 320?
22
Suppose 7*n + 15*n - 614 = 1784. What is the remainder when 11987 is divided by n?
106
What is the remainder when 2416 is divided by (-5 - 13)*(11/2)/(-11)?
4
Let f = -30584 - -31338. What is the remainder when f is divided by (-1 - -2) + (-53)/(-1)?
52
Suppose -5*x - 166*p = -170*p - 2593, -5*x - 2*p + 2611 = 0. What is the remainder when x is divided by 175?
171
Let w(p) = -4*p**2 - 150*p + 20. Suppose -2*v - 15 = -3*g, -v + 4*g = v + 20. Suppose 4*b - 2 - 62 = v. Calculate the remainder when w(-37) is divided by b.
14
Suppose -7*k = k + 48. Let o be (10/k - -1)/((-16)/72). Suppose -4*n = 3*r - 249, -6 = -3*n + o. Calculate the remainder when r is divided by 40.
39
Let l = -8358 - -8493. What is the remainder when l is divided by 71?
64
Let z be (-150)/35*(66 - -4). Let j = z + 335. Calculate the remainder when 138 is divided by j.
33
Suppose -136 - 524 = 5*m. Calculate the remainder when (m/(-5))/(1/5) is divided by (1161/33)/1 + (-100)/(-5500)*-10.
27
Let v = -436 - -471. Suppose v*x = 42*x - 119. Calculate the remainder when x is divided by 4.
1
Let q(l) = -2*l - 16. Let s = -103 + 82. What is the remainder when 123 is divided by q(s)?
19
Let m(n) = 6*n**2 - 18*n + 47. Let x be m(10). Let y = -438 + x. Calculate the remainder when 257 is divided by y.
25
Let h be (1 - 0)/((-7)/(-497)). Let w = h + -60. What is the remainder when 65 is divided by w?
10
Let r(y) = -34*y**3 - y**2 + 93*y + 93. Let s be r(-1). Let l = 4 - 7. What is the remainder when (s - (5 + l)) + (0 - 2) is divided by 6?
5
Let u(t) = t**3 - 25*t - 5. What is the remainder when u(8) is divided by 6?
1
Suppose -3*d - 69 = -2*u + 68, -u + 5*d + 72 = 0. Calculate the remainder when 255 is divided by u.
54
Suppose -4*u - 12 = -4*y, 6 = 3*y - y + 2*u. Suppose -3*v + 108 = 5*o, -y*o + 4*v = 49 - 137. Calculate the remainder when 46 is divided by o.
22
Suppose 67*v - 6678 = 89. Calculate the remainder when 1912 is divided by v.
94
Suppose -5*h = -4*c + 112, 0 = 2*c - h + 6 - 56. Let n(v) = 85*v**2 - 2*v - 24 - 104*v**2 - v**3 + 0*v**3. What is the remainder when c is divided by n(-19)?
9
Let p = -597 + 585. Let q = p - -251. What is the remainder when q is divided by 10?
9
Suppose -10 = -2*n + 6. Let r = n - 4. Calculate the remainder when 40/12 + -2 - (-42)/9 is divided by r.
2
Let h(v) = 5*v + 25. Let q be h(-9). Calculate the remainder when 168 is divided by (-3)/72*-6 - 1175/q.
50
Suppose 25 + 2 = i. Calculate the remainder when (-7)/((-63)/i)*64/6 is divided by 17.
15
Let i(w) = 7*w**2 + 10*w - 4. Calculate the remainder when ((-64880)/(-30))/4 + 1/3 is divided by i(-4).
65
Suppose 5*k = 9*k - 32. Suppose -q + 5*y = 14, -q + 5*y = q + k. Suppose 87 = q*f - 3*f. What is the remainder when 84 is divided by f?
26
Suppose 4*t - 71 = -3*x, 4*t + 169 = x + 172. What is the remainder when 1389 is divided by x?
12
Calculate the remainder when 840 is divided by (76 + -18)*3/(1 + 5).
28
Let q = 171 + -375. Let a = q + 221. What is the remainder when 25 is divided by a?
8
Let f = 35 + 22. Suppose -70 = -5*b + 5*x, -5*b - x + 13 = -f. Calculate the remainder when 7 is divided by (-5)/((-7)/(b/5)).
1
Let n(t) = -3*t + 1. What is the remainder when (-16)/3*(22043/(-134) + 70) is divided by n(-7)?
20
Let s(o) = o**2 + 423*o - 7447. Calculate the remainder when 47 is divided by s(17).
14
Suppose -6*m + m = -145. Let j = -8922 + 8932. What is the remainder when m is divided by j?
9
Let t be (825/6 + 1)/((-23)/(-46)). Suppose 5*a + 7*b - 4*b = t, -155 = -3*a + b. Calculate the remainder when 739 is divided by a.
50
Suppose -83*z + 192 - 88 = -145. What is the remainder when 203 is divided by z?
2
Suppose -11*t + 33889 = 32250. Calculate the remainder when 956 is divided by t.
62
Suppose 5*v + 1 = 6. Let f(i) = 5*i - 1. Let b(o) = -o**2 - 176*o - 502. What is the remainder when b(-173) is divided by f(v)?
1
Let p(m) = m**3 - 3*m**2 - 2*m + 2. Let x be p(2). Let u(b) = -b**2 + 6*b - 4. Let w be u(4). What is the remainder when (-25 + x + w)*-1 is divided by 11?
5
What is the remainder when 1877 is divided by (30/4)/(265/(-1272)*(-18)/10)?
17
Suppose f - 97 = -37. Suppose -l + 6*l = f. Suppose 3*u + 61 = 199. What 